999. What is d(286)?
5
Let y(b) = -38*b**3 + 116*b + 116. Determine y(-1).
38
Let t(c) = 430*c - 1631. Calculate t(4).
89
Let w(y) = 14984*y - 104854. What is w(7)?
34
Let b(a) = -234*a**2 - 9594*a + 38. Determine b(-41).
38
Let j(a) = a**2 + 320*a + 19331. Determine j(-83).
-340
Let x(y) = y**3 + 41*y**2 + 388*y - 18. Determine x(-22).
642
Let k(x) = 11*x**2 - 38093*x - 152559. Give k(-4).
-11
Let n(d) = -7*d**3 - 78*d**2 + 32*d + 104. Give n(-11).
-369
Let g(a) = -747*a - 359329. Give g(-481).
-22
Let t(j) = 1170*j + 22073. What is t(-19)?
-157
Let l(u) = -1060*u + 34850. Determine l(33).
-130
Let l(w) = w**2 + 104*w - 26539. Give l(117).
-682
Let i(r) = -7*r**3 + 226*r**2 + 103*r + 2064. Give i(33).
18
Let x(g) = 120*g + 14721. Determine x(-95).
3321
Let p(n) = -194*n**2 - 1105*n - 769. Determine p(-5).
-94
Let w(j) = j**3 - 58*j**2 - 88*j + 8195. What is w(57)?
-70
Let h(s) = -s**3 + 15*s**2 - 4027*s + 43812. Calculate h(11).
-1
Let h(l) = -3485*l - 83639. Determine h(-24).
1
Let x(i) = 80914*i + 5583120. Give x(-69).
54
Let l(m) = -m**2 - 28*m - 274. Calculate l(-48).
-1234
Let a(i) = -426*i - 33045. What is a(-76)?
-669
Let x(m) = m**3 + 28*m**2 - 145*m - 3421. Give x(-29).
-57
Let p(b) = 7187*b + 8574111. Determine p(-1193).
20
Let a(y) = -141*y + 21246. What is a(151)?
-45
Let m(h) = h**2 + 57*h + 837. What is m(-32)?
37
Let y(t) = 3163*t**2 + 123343*t - 551. Give y(-39).
-5
Let k(b) = -b**3 - 399*b**2 - 782*b - 635185. Calculate k(-401).
-1
Let w(x) = -5*x**2 + 712*x + 1110. What is w(144)?
-42
Let u(q) = 151*q + 21881. What is u(-146)?
-165
Let a(r) = r**3 + 197*r**2 + 974*r + 2683. Determine a(-192).
-5
Let z(p) = -56006*p - 6832738. Determine z(-122).
-6
Let p(d) = -d**2 + 2962*d - 1700562. Give p(2183).
-5
Let b(s) = 2*s**3 - 73*s**2 - 2696*s + 98380. Calculate b(37).
-3
Let v(s) = -13773*s + 1473668. Determine v(107).
-43
Let i(a) = -a**3 + 21*a**2 - 315*a + 8593. Determine i(27).
-4286
Let v(d) = -1331*d + 6610. Determine v(5).
-45
Let w(s) = -37*s**2 - 15*s + 67. What is w(-4)?
-465
Let r(h) = 15483*h - 215421. Determine r(14).
1341
Let n(g) = 6*g**3 - 9*g**2 - 326*g + 216. Calculate n(-7).
-1
Let m(r) = 1221*r**2 + 1537236*r - 3727. What is m(-1259)?
50
Let y(n) = n**2 + 1905*n - 128058. Give y(65).
-8
Let m(a) = -14*a**3 + 19*a**2 + 323*a + 652. Calculate m(-2).
194
Let z(r) = -7*r**3 - 219*r**2 + 664*r - 28. Determine z(3).
-196
Let c(f) = -4*f**2 + 675*f - 267. Determine c(169).
-436
Let i(h) = -h**3 + 36*h**2 - 5*h - 847. Determine i(34).
1295
Let n(x) = -49*x**2 + 1835*x - 100. Determine n(37).
714
Let u(k) = -321*k + 3593. Calculate u(4).
2309
Let m(u) = u**3 + 66*u**2 + 5812*u + 383601. Determine m(-66).
9
Let a(r) = -1167*r**2 - 8127*r + 293. Give a(-7).
-1
Let m(a) = -a**3 - a**2 + 306*a + 1180. What is m(-16)?
124
Let r(p) = -p**2 - 1381424*p + 4144281. Determine r(3).
0
Let j(k) = -767*k - 70812. Calculate j(-93).
519
Let p(v) = 62*v**2 + 199*v - 3100. What is p(-9)?
131
Let f(u) = -17*u**3 - 376*u**2 - 53*u - 119. Calculate f(-22).
79
Let t(f) = -43*f + 15681. Give t(362).
115
Let a(g) = -4404*g**2 + 52710*g - 6. Give a(12).
-1662
Let w(p) = 13*p**2 - 1038*p + 16943. Give w(57).
14
Let b(x) = -82*x**2 - 13692*x + 241. Determine b(-167).
-93
Let h(k) = -k**2 + 416*k - 22905. Determine h(349).
478
Let o(q) = -q**3 - 50*q**2 + 283*q + 6716. What is o(-53)?
144
Let k(x) = -42*x + 6883. Give k(116).
2011
Let l(d) = -1064*d + 39825. What is l(36)?
1521
Let p(z) = -z**3 + 128*z**2 - 5059*z + 626372. Calculate p(127).
8
Let j(l) = 14978*l - 29992. Give j(2).
-36
Let k(d) = -2019*d**2 + 2144*d - 74. Calculate k(1).
51
Let z(c) = -261*c + 23728. Calculate z(89).
499
Let q(s) = 144*s + 951. Give q(2).
1239
Let a(p) = p**3 + p**2 - 101*p - 1681. Determine a(0).
-1681
Let q(m) = 132819*m + 5179930. What is q(-39)?
-11
Let z(v) = 5708*v + 11437. Determine z(-2).
21
Let p(i) = 1532*i + 98912. Calculate p(-65).
-668
Let v(z) = -5*z**2 + 4087*z + 43893. Give v(828).
9
Let w(t) = -7126*t + 64725. Calculate w(9).
591
Let h(c) = 3*c**2 - 154*c - 10343. Determine h(-43).
1826
Let b(a) = 322*a + 8131. What is b(-25)?
81
Let q(x) = x**3 + 83*x**2 - 100*x - 14923. Determine q(-82).
1
Let o(x) = x**2 - 12427*x - 262. Determine o(0).
-262
Let c(u) = -44*u**3 + 7302*u**2 + 340*u - 1335. What is c(166)?
-7
Let g(n) = -n**2 + 5289*n - 115870. Calculate g(22).
4
Let b(q) = 3616*q + 50052. Give b(-14).
-572
Let q(y) = 3384719*y - 13538878. Give q(4).
-2
Let m(y) = 375*y - 1446. Determine m(6).
804
Let t(b) = 21*b**2 - 5941*b + 5463. Give t(282).
105
Let r(x) = 8201*x - 319845. Determine r(39).
-6
Let n(f) = -387*f**2 + 23990*f + 234. Give n(62).
-14
Let c(m) = -7*m**2 + 112*m + 525. Give c(-5).
-210
Let f(l) = 5*l**3 - 12*l**2 + 159*l - 1131. Calculate f(8).
1933
Let y(b) = b**2 + 180*b + 704. Calculate y(-176).
0
Let d(l) = 2*l**3 - 110*l**2 + 652*l - 84405. What is d(61)?
19
Let i(r) = 3285*r - 249652. Give i(76).
8
Let n(d) = d**3 - 31*d**2 - 32*d - 49. Determine n(31).
-1041
Let j(z) = -3*z**3 - 122*z**2 - 439*z - 25493. What is j(-42)?
1
Let p(m) = m**3 - 76*m**2 - 527*m - 4485. Calculate p(83).
-3
Let s(t) = -4*t**2 - 4148*t - 37655. What is s(-9)?
-647
Let a(p) = p**3 - 15*p**2 + 82*p - 187. Determine a(8).
21
Let c(d) = 28810*d + 16882657. Give c(-586).
-3
Let k(r) = 5000*r - 52896. Determine k(11).
2104
Let k(h) = 8264*h - 495841. What is k(60)?
-1
Let u(t) = -6086*t + 79059. Calculate u(13).
-59
Let d(q) = -11*q**2 - 265*q - 1002. Give d(-4).
-118
Let w(a) = 1111*a - 27817. Calculate w(25).
-42
Let d(v) = 3*v**3 - 339*v**2 + 664*v + 291. Determine d(111).
69
Let k(i) = 9761*i + 234273. Give k(-24).
9
Let b(n) = -100218*n - 13028338. Give b(-130).
2
Let u(b) = -331*b + 7916. Calculate u(24).
-28
Let x(t) = t**3 - 99*t**2 + 602*t - 12412. Determine x(94).
-4
Let l(j) = 2*j**2 + 13*j - 4587. Give l(-54).
543
Let o(y) = 3*y**3 + 54*y**2 - 261*y + 81. What is o(-22)?
15
Let f(v) = -v**3 - 124*v**2 - 600*v - 573. What is f(-119)?
22
Let a(u) = 7*u**3 + 5*u**2 - 786*u + 61. Determine a(-11).
-5
Let w(d) = d**2 - 185376*d + 1668321. Calculate w(9).
18
Let p(h) = 18*h**2 - 4469*h + 89679. Determine p(22).
73
Let r(q) = -3*q**3 - 1067*q**2 - 6374*q - 21. What is r(-6)?
459
Let s(m) = 5150*m**2 + 10297*m - 1. Give s(-2).
5
Let x(c) = -c**3 + 8*c**2 + 288136*c + 864304. Give x(-3).
-5
Let r(s) = -27530*s - 192541. Determine r(-7).
169
Let n(p) = -20*p**3 + 196*p**2 - 132*p - 106. Calculate n(9).
2
Let b(x) = -x**3 - 51*x**2 + 739*x - 855. Determine b(-63).
216
Let t(h) = 176*h**3 + 2641*h + 2640. Determine t(-1).
-177
Let o(n) = -6*n**3 + 620*n**2 - 1795*n - 20472. Give o(100).
28
Let z(d) = -33500*d - 4455427. Give z(-133).
73
Let t(n) = 134*n + 3791. What is t(-29)?
-95
Let p(n) = -2584*n + 56856. What is p(22)?
8
Let o(k) = 2*k**3 + 137*k**2 + 2344*k + 2159. Calculate o(-28).
31
Let s(a) = -628*a + 1330. Give s(-3).
3214
Let c(f) = -2610*f + 18844. What is c(8)?
-2036
Let d(r) = -r**3 + 83*r**2 - 80*r + 240. Determine d(82).
404
Let c(y) = -224923*y - 1124616. Calculate c(-5).
-1
Let k(v) = -4*v**2 - 78*v + 3679. Determine k(24).
-497
Let w(t) = 257424*t + 2316819. Calculate w(-9).
3
Let y(j) = 3*j**2 + 688*j - 64. Determine y(9).
6371
Let v(n) = -n**2 - 19061*n + 38118. Determine v(2).
-8
Let z(f) = f**3 + f**2 - 5705*f - 34039. Calculate z(-6).
11
Let n(b) = -26*b**3 + 48*b**2 - 82*b - 1. Calculate n(2).
-181
Let p(m) = 24*m + 2250. Calculate p(-69).
594
Let q(g) = 2*g**3 + 676*g + 120. Give q(0).
120
Let r(j) = j**3 - 63*j**2 - 50*j + 6986. What is r(62)?
42
Let v(d) = 6*d**3 + 8*d**2 - 2454*d - 2455. Calculate v(-1).
1
Let y(b) = 253*b + 43462. Give y(-172).
-54
Let g(j) = 43633*j + 7723024. Determine g(-177).
-17
Let o(l) = -50*l**3 - 546*l**2 - 1479*l + 1. Give o(-5).
-4
Let h(z) = -7*z**3 + 191*z**2 + 134*z + 171. Determine h(28).
3
Let k(c) = 7*c**2 + 43*c - 247. Calculate k(12).
1277
Let h(s) = 25*s**2 - 374*s - 506. Calculate h(16).
-90
Let g(a) = -a**2 - 711*a - 2115. What is g(-3)?
9
Let r(a) = 14*a**3 + 11*a**2 + 842*a - 843. Give r(1).
24
Let s(h) = h**3 + 139*h**2 - 312*h - 3828. Give s(-141).
402
Let x(o) = 260996*o - 5219929. Give x(20).
-9
Let r(c) = -130*c**2 - 1562*c - 26. Calculate r(-12).
-2
Let y(n) = 3894*n - 125419